53
What is 1 (base 15) in base 11?
1
What is -e (base 15) in base 7?
-20
30 (base 6) to base 11
17
Convert -20 (base 4) to base 3.
-22
What is -5 (base 15) in base 13?
-5
-66 (base 12) to base 3
-2220
Convert 112 (base 4) to base 2.
10110
What is -10 (base 2) in base 14?
-2
Convert 36 (base 13) to base 7.
63
What is 2010 (base 4) in base 2?
10000100
4d (base 15) to base 12
61
Convert 3 (base 6) to base 12.
3
What is -1 (base 10) in base 12?
-1
Convert -4 (base 10) to base 14.
-4
Convert 21c (base 14) to base 10.
418
2 (base 8) to base 16
2
What is -4 (base 11) in base 9?
-4
Convert 3 (base 16) to base 5.
3
-1b (base 16) to base 3
-1000
41 (base 7) to base 3
1002
What is 1200 (base 5) in base 10?
175
202 (base 3) to base 8
24
What is -1 (base 10) in base 14?
-1
What is -8 (base 14) in base 5?
-13
Convert 1 (base 8) to base 2.
1
Convert 1 (base 3) to base 12.
1
What is -100 (base 2) in base 3?
-11
What is 8 (base 13) in base 16?
8
What is 210 (base 3) in base 7?
30
Convert -4 (base 11) to base 12.
-4
27 (base 15) to base 10
37
What is 20 (base 10) in base 2?
10100
Convert -10 (base 5) to base 16.
-5
Convert 0 (base 13) to base 3.
0
What is 2231 (base 4) in base 13?
104
Convert -21 (base 8) to base 15.
-12
Convert -1 (base 6) to base 15.
-1
Convert -323 (base 4) to base 11.
-54
What is 0 (base 5) in base 9?
0
What is 16 (base 7) in base 13?
10
Convert -4 (base 16) to base 9.
-4
-5 (base 14) to base 12
-5
What is 0 (base 3) in base 9?
0
-110 (base 4) to base 13
-17
Convert 163 (base 7) to base 3.
10111
Convert -6 (base 15) to base 5.
-11
What is 2 (base 12) in base 15?
2
-2 (base 3) to base 12
-2
-10 (base 2) to base 9
-2
What is 3 (base 13) in base 16?
3
3 (base 16) to base 2
11
What is 25 (base 10) in base 7?
34
What is -1 (base 8) in base 4?
-1
Convert 5 (base 13) to base 3.
12
Convert -1212 (base 5) to base 13.
-110
3003 (base 4) to base 6
523
120 (base 13) to base 5
1240
Convert -11 (base 15) to base 8.
-20
-1 (base 9) to base 10
-1
What is -111000 (base 2) in base 16?
-38
1002 (base 3) to base 9
32
What is -3 (base 15) in base 9?
-3
What is -85 (base 9) in base 12?
-65
-135 (base 8) to base 7
-162
-12 (base 3) to base 8
-5
What is 6 (base 10) in base 16?
6
Convert -1 (base 4) to base 9.
-1
What is 3232 (base 4) in base 11?
1a7
What is -56 (base 13) in base 2?
-1000111
1a (base 13) to base 5
43
2 (base 11) to base 6
2
What is -a (base 16) in base 12?
-a
What is -14 (base 14) in base 5?
-33
-6 (base 7) to base 13
-6
What is 20 (base 8) in base 11?
15
30 (base 5) to base 11
14
Convert 1110 (base 2) to base 9.
15
What is 33 (base 5) in base 9?
20
Convert 2 (base 15) to base 11.
2
Convert 333 (base 5) to base 3.
10110
2 (base 10) to base 13
2
Convert 6 (base 11) to base 4.
12
Convert 1111 (base 2) to base 13.
12
Convert 11 (base 7) to base 2.
1000
Convert 2 (base 11) to base 2.
10
Convert -3 (base 16) to base 12.
-3
What is 23 (base 6) in base 15?
10
What is -6 (base 11) in base 4?
-12
Convert 32 (base 12) to base 11.
35
Convert -103 (base 4) to base 2.
-10011
19 (base 16) to base 10
25
What is -3 (base 6) in base 15?
-3
What is -65 (base 7) in base 14?
-35
-2 (base 4) to base 2
-10
What is -12 (base 12) in base 6?
-22
-2 (base 16) to base 8
-2
-6 (base 15) to base 11
-6
-22 (base 5) to base 7
-15
1110 (base 2) to base 3
112
What is -10 (base 16) in base 15?
-11
What is -1 (base 13) in base 7?
-1
What is -4 (base 7) in base 5?
-4
What is -13 (base 4) in base 12?
-7
-11 (base 2) to base 15
-3
Convert a8 (base 14) to base 2.
10010100
Convert -2 (base 10) to base 2.
-10
Convert -12 (base 6) to base 11.
-8
What is 9 (base 12) in base 15?
9
What is -48 (base 11) in base 10?
-52
302 (base 5) to base 14
57
43 (base 6) to base 12
23
-3102 (base 4) to base 5
-1320
Convert -24 (base 7) to base 15.
-13
What is -10 (base 6) in base 13?
-6
11122 (base 3) to base 6
325
Convert -544 (base 6) to base 4.
-3100
-112 (base 3) to base 5
-24
What is -2 (base 13) in base 6?
-2
Convert 54 (base 6) to base 12.
2a
Convert 101 (base 3) to base 12.
a
What is d (base 15) in base 4?
31
What is 4a (base 15) in base 13?
55
122 (base 13) to base 11
16a
19b (base 14) to base 9
410
What is -a5 (base 13) in base 2?
-10000111
Convert 561 (base 8) to base 16.
171
Convert -110000 (base 2) to base 11.
-44
Convert -40 (base 5) to base 7.
-26
0 (base 3) to base 13
0
What is -16 (base 15) in base 11?
-1a
Convert 0 (base 4) to base 15.
0
-213 (base 8) to base 2
-10001011
Convert -8 (base 13) to base 3.
-22
What is -17 (base 8) in base 16?
-f
Convert -11 (base 4) to base 13.
-5
Convert -5 (base 12) to base 15.
-5
What is 7 (base 9) in base 15?
7
-5 (base 14) to base 16
-5
What is -5 (base 14) in base 16?
-5
-11 (base 12) to base 11
-12
Convert -322 (base 8) to base 9.
-253
-123 (base 4) to base 7
-36
Convert -16 (base 16) to base 7.
-31
What is 130 (base 5) in base 4?
220
Convert 29 (base 16) to base 12.
35
What is -11 (base 3) in base 10?
-4
What is 440 (base 7) in base 8?
340
Convert -4 (base 10) to base 16.
-4
What is 29 (base 15) in base 14?
2b
Convert 16 (base 16) to base 3.
211
What is -10 (base 7) in base 2?
-111
Convert 0 (base 2) to base 13.
0
9 (base 15) to base 7
12
What is -203 (base 11) in base 2?
-11110101
-25 (base 7) to base 2
-10011
Convert 2 (base 10) to base 5.
2
What is b (base 14) in base 3?
102
Convert -4 (base 11) to base 13.
-4
Convert -211 (base 4) to base 6.
-101
-60 (base 8) to base 14
-36
Convert 1 (base 7) to base 14.
1
33 (base 11) to base 2
100100
What is 11 (base 8) in base 11?
9
Convert -1 (base 13) to base 2.
-1
What is b3 (base 16) in base 8?
263
-4 (base 12) to base 3
-11
-c (base 14) to base 13
-c
Convert -1 (base 6) to base 3.
-1
Convert a3 (base 15) to base 14.
ad
-31 (base 7) to base 2
-10110
Convert -29 (base 13) to base 15.
-25
What is 5 (base 16) in base 2?
101
Convert 11102 (base 3) to base 10.
119
-5 (base 14) to base 11
-5
112 (base 3) to base 13
11
Convert 54 (base 15) to base 10.
79
Convert -104 (base 7) to base 4.
-311
Convert -56 (base 14) to base 15.
-51
Convert -6 (base 15) to base 10.
-6
Convert 11000100 (base 2) to base 11.
169
-13 (base 4) to base 3
-21
174 (base 12) to base 4
3220
What is 1 (base 11) in base 13?
1
What is -72 (base 9) in base 7?
-122
What is 1001 (base 2) in base 10?
9
-31 (base 5) to base 10
-16
What is 1021 (base 3) in base 7?
46
Convert -120 (base 3) to base 10.
-15
1 (base 3) to base 11
1
Convert 122 (base 8) to base 5.
312
1 (base 5) to base 4
1
What is 0 (base 5) in base 12?
0
What is -5 (base 16) in base 5?
-10
1 (base 3) to base 16
1
What is -1 (base 8) in base 14?
-1
Convert 11 (base 5) to base 14.
6
Convert -106 (base 9) to base 6.
-223
68 (base 13) to base 9
105
Convert 130 (base 6) to base 15.
39
-32 (base 4) to base 9
-15
Convert 0 (base 9) to base 6.
0
What is -4 (base 5) in base 15?
-4
Convert 10222 (base 3) to base 8.
153
-11 (base 11) to base 5
-22
Convert 1010 (base 3) to base 11.
28
Convert 6 (base 11) to base 4.
12
-3 (base 13) to base 6
-3
Convert -4 (base 5) to base 14.
-4
-d2 (base 15) to base 14
-101
Convert -11 (base 3) to base 4.
-10
What is 3 (base 6) in base 8?
3
-23 (base 5) to base 11
-12
3 (base 10) to base 15
3
What is 8 (base 9) in base 4?
20
-16 (base 12) to base 2
-10010
-112 (base 3) to base 4
-32
211 (base 3) to base 15
17
0 (base 5) to base 10
0
-161 (base 11) to base 15
-c8
Convert 11 (base 8) to base 3.
100
-10 (base 2) to base 6
-2
What is -21 (base 4) in base 11?
-9
Convert -23 (base 12) to base 6.
-43
0 (base 2) to base 5
0
What is 346 (base 8) in base 3?
22112
Convert 13 (base 8) to base 14.
b
What is -e (base 15) in base 13?
-11
Convert 5 (base 14) to base 16.
5
-172 (base 8) to base 6
-322
What is a (base 14) in base 10?
10
What is 10 (base 10) in base 7?
13
-6 (base 13) to base 7
-6
-1a (base 12) to base 11
-20
-3 (base 9) to base 2
-11
Convert -3 (base 6) to base 16.
-3
What is 120 (base 4) in base 5?
44
What is -39 (base 14) in base 2?
-110011
Convert 12 (base 5) to base 11.
7
-285 (base 10) to base 16
-11d
130 (base 7) to base 9
77
What is -101 (base 5) in base 3?
-222
Convert 6 (base 7) to base 14.
6
Convert 232 (base 4) to base 8.
56
Convert -2 (base 6) to base 4.
-2
Convert 21 (base 3) to base 13.
7
Convert 3 (base 5) to base 11.
3
What is 3 (base 14) in base 1